rt 11101010110010010011 (base 2) to base 10.
961683
What is -1025462 (base 8) in base 9?
-455677
What is -1690968 (base 10) in base 7?
-20241636
-16b78c3 (base 13) to base 3
-111220020011210
What is -1100111110010011010110 (base 2) in base 10?
-3400918
Convert 73169 (base 11) to base 15.
2191b
-3101226 (base 10) to base 7
-35234322
-28988a6 (base 11) to base 8
-22764667
Convert 331465 (base 9) to base 14.
521ca
Convert 728267 (base 10) to base 13.
1c6637
Convert b9c705 (base 14) to base 10.
6296113
Convert -70381 (base 12) to base 11.
-9a4a8
What is 1001110010011100101100 (base 2) in base 15?
35a422
What is -a22673 (base 14) in base 4?
-110311131031
-a27219 (base 12) to base 7
-30415440
Convert -41231445 (base 6) to base 13.
-326c15
Convert 10011101100001100 (base 2) to base 11.
55660
Convert 1533350 (base 10) to base 7.
16014260
Convert 5242a4 (base 13) to base 4.
13111130133
Convert -302123 (base 5) to base 8.
-22677
What is 1330221311 (base 4) in base 5?
112314311
Convert 101023142 (base 6) to base 4.
12212100212
Convert -40180 (base 14) to base 5.
-14411342
Convert 110011010010010 (base 2) to base 16.
6692
13275aa (base 11) to base 15
304aad
Convert 3022003101 (base 4) to base 5.
202440401
110011100011110000 (base 2) to base 11
134736
What is 251799 (base 13) in base 12?
36a4a9
What is -3b1c5 (base 15) in base 5?
-22030120
Convert 135755 (base 10) to base 6.
2524255
426250 (base 7) to base 3
10202210221
What is -3889a (base 15) in base 8?
-541124
Convert -437133 (base 8) to base 5.
-14201120
Convert -37316 (base 8) to base 10.
-16078
Convert 526777 (base 9) to base 7.
2443432
What is -2b9761 (base 14) in base 5?
-342240002
Convert 10011101011111110001111 (base 2) to base 15.
6be217
-131143334 (base 6) to base 5
-1130023233
-3c480b (base 16) to base 14
-74ba1d
-505630 (base 8) to base 16
-28b98
-2133665 (base 7) to base 10
-260678
What is -27245651 (base 8) in base 12?
-206a3a1
What is -271868 (base 13) in base 12?
-397658
Convert 4c550 (base 16) to base 2.
1001100010101010000
What is -8218d (base 15) in base 14?
-aa284
Convert 213420324 (base 5) to base 10.
920089
Convert -2115b1 (base 14) to base 8.
-4207367
1f314 (base 16) to base 2
11111001100010100
What is -37475 (base 9) in base 8?
-61132
Convert 21eb8c (base 16) to base 3.
11011221100220
Convert 3643c5 (base 14) to base 8.
7050331
1180124 (base 10) to base 16
1201dc
What is 48acb4 (base 16) in base 9?
8858304
Convert 9578164 (base 10) to base 3.
200000121202211
776d (base 16) to base 6
353313
What is 7621055 (base 9) in base 4?
33212013122
-400062 (base 8) to base 11
-8a572
Convert -223833 (base 10) to base 3.
-102101001010
-17479 (base 11) to base 4
-11333100
3140504 (base 6) to base 11
a5043
702f7 (base 16) to base 9
770287
Convert -176b07 (base 13) to base 10.
-586268
Convert -100241051 (base 6) to base 4.
-12133023313
-401a170 (base 11) to base 6
-412253001
Convert 2037a5 (base 11) to base 4.
1033312101
Convert -324440 (base 9) to base 14.
-50769
-1010111000100001 (base 2) to base 4
-22320201
Convert 162273 (base 8) to base 16.
e4bb
What is 22133011012 (base 4) in base 11?
1608197
a213260 (base 11) to base 5
14110303104
-e0cd9 (base 15) to base 10
-711654
894701 (base 10) to base 7
10414313
Convert 11011012100201 (base 3) to base 8.
10331223
Convert 12042110 (base 6) to base 3.
201020202120
896547 (base 11) to base 8
5346523
-97681 (base 11) to base 16
-22a4d
What is -7098a (base 16) in base 14?
-c0106
-563605 (base 11) to base 15
-12b050
Convert 109408 (base 10) to base 6.
2202304
-100431001 (base 5) to base 13
-112527
64554621 (base 7) to base 11
3123475
Convert 21020353 (base 7) to base 9.
3286537
1b8db (base 14) to base 9
116458
What is 1010011010111110000 (base 2) in base 15?
6b2ad
5104 (base 6) to base 7
3160
Convert 5a802 (base 11) to base 4.
111112331
Convert -aa0ea7 (base 15) to base 12.
-28694b7
-79149 (base 11) to base 10
-114640
What is -373053 (base 13) in base 8?
-5023021
What is 514603 (base 9) in base 16?
4a83b
-979049 (base 10) to base 8
-3570151
What is -9c2a4 (base 14) in base 16?
-5c948
1743a6 (base 14) to base 9
1476624
What is -32351360 (base 7) in base 2?
-1010100011111111110101
Convert 627c9a (base 14) to base 2.
1100101011111000100000
Convert 430301220 (base 5) to base 9.
3352860
Convert -c297 (base 13) to base 11.
-19178
What is 304370 (base 13) in base 8?
4221701
4a8708 (base 12) to base 14
2399c4
What is -81b00b (base 12) in base 6?
-111304015
What is 93df8b (base 16) in base 11?
551a008
What is -7745264 (base 8) in base 7?
-23465240
What is -61426b (base 15) in base 6?
-243013102
-7230543 (base 10) to base 2
-11011100101010001001111
-3566891 (base 12) to base 7
-153605254
Convert 10022011121 (base 3) to base 4.
33313231
What is 3130311111 (base 4) in base 11?
568653
-14b79a (base 13) to base 5
-112323024
Convert -26154312 (base 7) to base 2.
-1001000101110111011000
What is 2316570 (base 10) in base 5?
1043112240
Convert 25541012 (base 6) to base 2.
11001100011101000000
-201210201 (base 4) to base 10
-137505
Convert 11424442 (base 5) to base 10.
108122
-270617 (base 9) to base 14
-43d5d
Convert -1212001134 (base 5) to base 15.
-3b2999
10100010000010010 (base 2) to base 16
14412
1313001203 (base 4) to base 7
4100231
What is 595912 (base 12) in base 4?
11133233132
132233203 (base 4) to base 14
33c67
Convert -37577060 (base 8) to base 16.
-7efe30
What is -242242 (base 9) in base 8?
-435120
Convert -bb9abc (base 14) to base 6.
-344233422
What is -ba11b (base 14) in base 10?
-450237
-1246318 (base 9) to base 4
-2212013201
What is -105321 (base 7) in base 10?
-18684
-331233 (base 5) to base 3
-120200211
-a93dd (base 15) to base 12
-21b084
What is -181348 (base 10) in base 4?
-230101210
Convert 1006c (base 15) to base 14.
146b5
-20323010020 (base 4) to base 16
-23b108
What is 425360 (base 10) in base 16?
67d90
Convert 2141617 (base 8) to base 4.
2030032033
Convert 101302 (base 9) to base 10.
60023
Convert 1477248 (base 9) to base 2.
11000111111010111001
-743750 (base 9) to base 13
-126489
Convert a6283 (base 13) to base 15.
5d9e2
What is 32040310 (base 5) in base 9?
447815
Convert 4c2298 (base 16) to base 8.
23021230
What is 20202120012 (base 3) in base 7?
1063004
Convert 12002121011 (base 3) to base 6.
2052221
What is -8c1889 (base 13) in base 15?
-457b0d
52175 (base 8) to base 7
120026
-6f5ae (base 16) to base 7
-3606524
Convert 23c906 (base 14) to base 13.
33bb06
Convert -191a760 (base 12) to base 2.
-10100000101010010111000
2114521 (base 6) to base 7
610402
What is -1a287 (base 12) in base 2?
-1001011000000111
-1a9067 (base 16) to base 4
-12221001213
Convert -1401a93 (base 11) to base 16.
-24e6e8
What is 1220122010111 (base 3) in base 10?
1016320
-52131333 (base 6) to base 2
-101101111011011101001
-20002323100 (base 4) to base 15
-2b9de1
Convert 43b73 (base 13) to base 7.
1020661
Convert 12331322012 (base 4) to base 3.
10102210101212
What is -605352 (base 7) in base 12?
-4b559
What is -a252b (base 12) in base 16?
-33a73
Convert -83260 (base 16) to base 13.
-15a67b
18060 (base 16) to base 7
556611
234340222 (base 5) to base 10
1090062
Convert -59263 (base 12) to base 8.
-351453
-9d3608 (base 15) to base 16
-72806f
What is -1049040 (base 10) in base 13?
-2a9645
What is -3147276 (base 9) in base 13?
-46cc17
-10100111111000010101 (base 2) to base 16
-a7e15
-113870 (base 9) to base 7
-403506
Convert -3450a6 (base 14) to base 10.
-1781002
Convert 66a320 (base 11) to base 7.
12035154
What is 45511460 (base 7) in base 4?
33021012122
What is -116856 (base 9) in base 6?
-1303123
What is 712b2 (base 12) in base 5?
14203202
What is 1042072 (base 11) in base 6?
103141254
-863889 (base 10) to base 6
-30303253
What is 1230032012 (base 4) in base 10?
443270
Convert 5278649 (base 11) to base 3.
122111011201121
Convert -44953 (base 10) to base 13.
-175cc
298a39 (base 11) to base 4
1301231223
311500023 (base 6) to base 12
1987613
6861b7 (base 14) to base 2
1101100010111101110101
2058660 (base 10) to base 2
111110110100110100100
What is -1268443 (base 9) in base 14?
-141460
What is -101033 (base 9) in base 14?
-17b20
What is -700753 (base 9) in base 11?
-263016
What is 3a807 (base 14) in base 4?
203032013
Convert 6dc6a (base 14) to base 16.
41946
101101011101111001 (bas